0 and z.
38
Suppose -u = -3*k - 22, 4*u - 6 = u - 3*k. Suppose 777 = 5*i + u. Let w be (14/3 - 0)*3. What is the greatest common divisor of w and i?
14
Suppose -10*b + 345 = -7*b. Let v be (-13 - -8)*2/(-5). Let f(p) = 4*p**3 - 2*p**2 - 2*p + 3. Let g be f(v). Calculate the highest common divisor of g and b.
23
Let n = 2263 - 2153. Calculate the greatest common divisor of n and 110.
110
Suppose 11*v = 17*v - 30. Suppose 38 + 68 = 4*g + 2*y, v*g - 140 = -4*y. Calculate the highest common divisor of g and 108.
12
Suppose k - 50 = 5*j, 2*k = -0*k + 5*j + 75. Calculate the greatest common divisor of k and 725.
25
Let n = 159 + -99. Let d be -3 - (-36)/(-8)*-4. Calculate the highest common divisor of d and n.
15
Suppose 5*k - 4*x = 612, k - 4*x - 80 = 36. Calculate the greatest common divisor of 31 and k.
31
Let y = 396 - 387. Calculate the highest common factor of 243 and y.
9
Let r = 393 + -368. Suppose -4*t + 50 = -2*t. Calculate the greatest common factor of r and t.
25
Let b be (-7)/(2 + 29/(-14)). Suppose -a - 13 = 29. Let p = a + 56. What is the highest common divisor of p and b?
14
Let n(j) = 4*j + 8. Let b be n(5). Suppose -r = 22 - b. What is the greatest common divisor of 6 and r?
6
Suppose 42 = 8*o - 6*o. Let l = o - 11. Calculate the greatest common divisor of 30 and l.
10
Suppose -456 - 744 = -12*t. Calculate the highest common divisor of t and 240.
20
Suppose -120 = -3*z + 90. Calculate the highest common factor of z and 110.
10
Let p(y) = y**3 + 8*y**2 - 3*y + 10. Let f be p(-8). Let n = f - 19. Suppose 5*m - 215 = 5*x, 39 = m - 0*x - 3*x. What is the highest common divisor of m and n?
15
Let i be (-42)/70 - 3129/(-15). Calculate the greatest common divisor of i and 48.
16
Suppose 4*u - 18 = -6. Suppose 1265 = 5*n - 0*n - u*j, -j = -3*n + 763. What is the highest common factor of n and 8?
8
Let b = 1172 - 722. What is the highest common divisor of b and 750?
150
Let l = -34 - -72. Suppose 7*x = 3*x + 760. Calculate the highest common factor of l and x.
38
Let v = 31 - 19. Let i be (1 + -5)*(v + -13). Suppose -5*p - 13 = -3*h + 6*h, i*h = 2*p + 26. Calculate the highest common divisor of h and 2.
2
Let k(y) = -y**2 + 18*y + 24. Let h be k(19). Suppose 0 = -2*p - 3*c + 23, h*p = 5*c + 21 - 1. What is the greatest common factor of p and 21?
7
Let t(h) = 66*h**2 - 63*h - 129. Let s be t(-2). Calculate the highest common factor of 1131 and s.
87
Suppose -24*l + 26*l - 312 = 0. Calculate the greatest common factor of l and 12.
12
Suppose -26*m + 1424 = -3*s, -s - 205 = -4*m + 13. Suppose 0*i = -5*i + 220. What is the greatest common divisor of i and m?
11
Suppose -3*g + 94 = 3*p - g, 5*p - 4*g - 186 = 0. Let w = 61 - 4. Let d = w + -6. Calculate the highest common divisor of p and d.
17
Suppose 98*r - 100*r + 462 = 0. What is the greatest common divisor of 330 and r?
33
Let y(v) = v**3 - 3*v**2 - 3*v. Let q be y(4). Suppose q*b + 2*b = 18. Suppose r + 7 = -b*s, 3 = -2*r - 4*s - 1. What is the highest common divisor of r and 12?
4
Let b(i) = -2*i**3 + 20*i**2 - 9*i - 21. Let v be b(9). What is the highest common divisor of v and 96?
12
Let z(b) = 3*b**2 + 3*b + 1. Let w be z(-3). Let s = 22 - w. Suppose -312 = -0*h - 5*h - 2*m, 4*m - 176 = -s*h. What is the highest common divisor of 8 and h?
8
Let z = -243 - -255. What is the highest common factor of 24 and z?
12
Let m(u) = u**2 - u. Let x = -16 + 10. Let i(g) = -g**3 - 7*g**2 - 7*g + 6. Let r be i(x). Let f be m(r). What is the greatest common divisor of f and 12?
12
Let v(m) = 16*m**2 - 19*m + 18. Let r be v(1). What is the greatest common divisor of 705 and r?
15
Suppose -t + 125 - 9 = 3*o, 4*t = 2*o + 408. Let j(f) = f - 19 - 2*f - 4*f. Let y be j(-9). Calculate the greatest common divisor of y and t.
26
Let y(f) = f**2 + 3*f - 28. Let a be y(12). What is the highest common factor of 76 and a?
76
Let y = -127 - -142. What is the highest common divisor of 375 and y?
15
Let l = -12 + 14. Suppose v + l*m - 20 = 2*v, -3*m = -4*v - 80. Let w = v - -33. What is the highest common divisor of w and 39?
13
Suppose 5*t + 108 + 157 = -2*k, 4*k - 3*t = -465. Let d be 44/5 + (-24)/k. Calculate the greatest common divisor of 27 and d.
9
Let x(y) = 29*y**3 - y**2 - 6*y + 6. Let j be x(1). Suppose 2*o - 102 = -5*t, 3*o - 7*t - 176 = -3*t. Calculate the greatest common factor of o and j.
28
Suppose -a + 3 = 5*q, -a = -0*q - 3*q - 35. Let p = -10 + 17. Let o = p - -39. Calculate the highest common divisor of o and a.
23
Suppose a = 5*v - 78, v - 4*a = 4*v - 33. Suppose v*u - 1620 = 10*u. What is the greatest common divisor of 36 and u?
36
Suppose 5*i + w - 199 = 0, 0 = 5*i - 4*w - 83 - 121. Suppose -g = -i - 70. What is the greatest common divisor of g and 10?
10
Suppose 4*s - 2795 = -5*p, -302 = -3*p + 4*s + 1343. What is the highest common divisor of 15 and p?
15
Let u(h) = -2*h - 1. Let q = -2 + -3. Let j be u(q). Calculate the highest common factor of j and 99.
9
Let o = -58 + 61. Suppose 3*k - 73 = 4*l, l - 145 = -5*k - 4*l. Calculate the greatest common divisor of o and k.
3
Let n = 10 + -6. Suppose n*z - z = 57. Calculate the greatest common divisor of z and 57.
19
Let y(a) = -a**2 + 22*a + 186. Let z be y(24). What is the highest common divisor of 483 and z?
69
Let w be (-6)/(28/(-6) + 1 + 3). Calculate the greatest common divisor of w and 57.
3
Let f be (11 - -5)/((-2)/(-25)). Suppose -5*r - 315 = f. Let b = -59 - r. Calculate the highest common factor of b and 4.
4
Suppose -5*g = -17 - 8. Suppose 0 = -3*a - g*o + 70, -4*o + o = -a. Suppose -4*t + a = -49. What is the greatest common factor of 176 and t?
16
Suppose 2*z + 0*z + 2*b + 2 = 0, 0 = 5*b - 5. Let i be (-24)/(z - (1 - 1)). Calculate the highest common divisor of i and 48.
12
Suppose 0 = -47*m + 153 + 3983. What is the highest common factor of 55 and m?
11
Let r be 2/4 - ((-5)/(-10) + 0). Let g(x) = x**2 - 3*x + 153. Let c be g(r). Calculate the greatest common divisor of c and 17.
17
Let l = -59 - -98. Suppose l = h - 26. Calculate the greatest common factor of h and 26.
13
Suppose 6 - 30 = -4*p. Let x be p/(-9)*(-369)/2. Suppose -3*o = 2*d - 259, 2*o = -2*d + 51 + x. What is the highest common divisor of 34 and o?
17
Let g(b) be the first derivative of -b**3/3 + 15*b**2/2 + 6*b + 2. Let q be g(15). Let p = -67 - -115. What is the highest common divisor of p and q?
6
Let n = 295 + -255. Calculate the greatest common divisor of n and 80.
40
Let r be 261/24 + (2/16)/1. Suppose w + w - r = -5*p, -p = -4*w + 77. What is the highest common divisor of w and 54?
18
Suppose 0 = 3*t - 2*m + 7*m + 11, -2*m = 8. Let i = 369 - 357. What is the greatest common divisor of t and i?
3
Let m(v) = -4*v**3 - 40*v**2 + 6. Let x be m(-10). Calculate the highest common factor of 66 and x.
6
Suppose -4*b - 54 = -i, 2*b = -3*i - 14 - 6. Let o = 17 + b. What is the greatest common divisor of o and 2?
2
Suppose q = -5*p + 40 - 11, 28 = 4*p - 4*q. Suppose 14 = 2*t + 3*y - 3, -t + p = -y. What is the greatest common factor of t and 35?
7
Suppose -5*w = -1 + 6, -5*w + 55 = -3*b. Let n = -14 - b. Calculate the greatest common divisor of 9 and n.
3
Let i be (12 + -1)*(-4 - -15). What is the greatest common divisor of 847 and i?
121
Let p = 4 - -1. Let j(s) = 2*s**2 + s - 5. Let k be j(p). Let v be (25/4)/((0 - -3)/60). What is the greatest common factor of v and k?
25
Let q be 1*15/(-3) - -1. Let s be 17 + (q - -1) + 5. Suppose s + 5 = 2*d. Calculate the highest common divisor of d and 12.
12
Suppose -4*a - 35 = -5*m, 5*a + 40 = 5*m - 0*m. Let q be (-4 - ((-668)/12 + 1))*m. Calculate the highest common divisor of 19 and q.
19
Suppose -3*q = -4*r + 43, 0 = 2*r - r + 5*q + 18. Suppose -r*f + 49 = -21. What is the greatest common divisor of 80 and f?
10
Let g(n) = -n**3 + 8*n**2 - 7*n + 5. Let k be g(6). Let w = 65 - k. What is the highest common factor of 20 and w?
10
Let s be (219 - 8/(-8))*1. Calculate the greatest common divisor of s and 176.
44
Let f = -62 - -64. Suppose -100 = -4*x + 4*v, -4*x - f*v + 97 = x. Suppose 21 = -0*d + 3*d. What is the greatest common factor of x and d?
7
Suppose -2*a + 49 = 1. Suppose x - 54 = 33*f - 35*f, -5*f + 12*x + 48 = 0. Calculate the highest common divisor of f and a.
24
Let k be (-5)/(-2)*312/60. Let g be k/((-26)/(-84)) 